 + 28 + 12. Let o be (-11)/(-44)*(-4 - -40). Suppose -k*d + 5*d = -o. Determine c(d).
6
Let v(g) = g**2 - 5*g - 2. Suppose -765 = -11*s + 1985. Suppose 35*b = -5 + s. Determine v(b).
12
Let r = 166 + -111. Let t = r + -53. Let u(a) = -3*a - 7 + 9 + 4 + t*a. Give u(6).
0
Let d be (-6 - (2 - 408/36)) + 4/6. Let x(h) = -10*h - 13. Give x(d).
-53
Suppose -5*w - 6 = -k - 5, -2*k = -w + 7. Let o(x) = 4*x - 1209. Let j(a) = -3*a + 483. Let s(t) = -5*j(t) - 2*o(t). Give s(k).
-25
Let i(s) = 4*s + 83. Let k be 45/12*1512/(-315). Determine i(k).
11
Suppose 106 - 10 = 3*l. Let s(f) = -30*f**2 + 13*f + l*f**2 - 6 - 3*f**2. Calculate s(6).
36
Let l = 51 - 45. Let j be (2/l)/((-4)/(-12)). Let w(t) be the first derivative of 13*t**3/3 + t**2 - t - 4. Calculate w(j).
14
Let k(c) = 3*c. Let s(w) = 28*w + 4. Let f(i) = -6*k(i) + s(i). Give f(0).
4
Let u(k) = -31*k**2 + 5*k - 284 + 32*k**2 + 274. Calculate u(-7).
4
Suppose -4*m + 4*k = -30 + 10, 3*m - 13 = 5*k. Let g be 100/(-75)*m/4. Let f(z) = z - 1. Calculate f(g).
-3
Suppose -2*m = -m + 8. Let r(o) = -o**3 - 9*o**2 + 3. Suppose 4*k + 9 = -2*y + 3*y, 5*y - k = 7. Let c(t) = t**2 + 1. Let z(j) = y*r(j) + c(j). Determine z(m).
4
Suppose k - 9 + 4 = 0. Suppose i + k*x + 16 = 0, -20 = -3*i + 2*x + 17. Let j(r) = r**3 - 9*r**2 + 2*r - 12. What is j(i)?
6
Suppose 5*d - 2 = 3*u, -2*d + 4*d + 16 = -3*u. Let y be u*1/24*6. Let f(c) = -30*c. Calculate f(y).
30
Let t(b) be the first derivative of b**4/4 - 2*b**3 - 6*b + 45. Let z(q) = -q**3 - 14*q**2 - 34*q - 5. Let i be z(-11). What is t(i)?
-6
Let i(l) = 37*l**2 + 19*l + 32. Let w(y) = 31*y**2 + 18*y + 31. Let a(j) = 5*i(j) - 6*w(j). Calculate a(-9).
10
Let a be 4/6 + (-186)/9. Let f be 1/(2/5*a/(-48)). Let y(x) = -x**2 + 8*x + 1. Determine y(f).
13
Let x(k) = 14*k**3 + 50*k**2 - 9*k - 88. Let y(a) = -32*a**3 - 106*a**2 + 16*a + 177. Let o(m) = -9*x(m) - 4*y(m). Give o(12).
0
Let k(p) = -3*p - 28. Let v(u) = -12*u**2 - 91*u - 56. Let g be v(-7). Calculate k(g).
-7
Suppose -265 = -3*m - 4*h + 65, -321 = -3*m - h. Let p(z) = z + m - 122 - 6*z. Let o be p(-4). Let k(y) = y**3 - 3*y**2 - 3*y - 1. What is k(o)?
3
Let d(t) = -4*t. Suppose r - 2*g - 2*g + 1 = 0, -20 = -5*r - 5*g. Let q = 2 + r. Suppose 4 = q*v - 11. Calculate d(v).
-12
Let n(d) = -d + 10. Let v = 130 - 100. Let b = v - 48. Let m be (-6)/((b/4)/(-3)) - -11. Give n(m).
3
Let l(h) = -24*h - 11. Let x be ((0 - 2) + 4)*(98/(-28) - -3). Give l(x).
13
Let g(w) = -500 - 448 + 754 - 18*w. Let v be g(-11). Let x(o) = o**3 - 3*o**2 - 5*o + 4. Determine x(v).
0
Let l(o) = -12*o - 108. Let b be l(-9). Let q be (14/12)/(b + (-7)/(-42)). Let u(i) = i**2 - 6*i + 3. Give u(q).
10
Let x(f) = 60*f + 4. Let n(d) = 4*d**2 + 80*d + 78. Let k be n(-19). What is x(k)?
124
Let y(a) = -a**3 - a**2 - 5*a - 3. Suppose -5*c = -4*r - 16, -26 = r + 3*c - 22. Determine y(r).
65
Let n(x) be the second derivative of 0*x**3 + 1/3*x**4 + 1/40*x**5 - 5*x + 0 + 1/180*x**6 + 0*x**2. Let s(c) be the third derivative of n(c). Calculate s(-2).
-5
Let r(g) = g**2 - 27*g - 14. Let f(s) = -6*s - 3. Let b(t) = 6*f(t) - r(t). Give b(-14).
-74
Let p = 734 + -734. Suppose -39*m + 14*m + 75 = p. Let w(n) = -n**3 + 2*n**2 + n + 4. What is w(m)?
-2
Let q(n) = 22*n + 93. Suppose 4*f = 4*o + 8, -31*f + 26*f = 4*o + 26. What is q(o)?
5
Let o = -26 + 30. Suppose 14 = 6*l - o*l. Let p(v) = 772*v - v**2 + 0 - 762*v + 2. Determine p(l).
23
Let y(v) = 2*v + 6. Suppose 44803 = -37*n + 45395. Calculate y(n).
38
Let c(l) be the third derivative of 1/60*l**5 + 120*l**2 + 0*l + 0 + 1/2*l**3 - 1/8*l**4. Determine c(2).
1
Let i(q) = -q**3 + 6*q**2 - 4*q - 4. Let c = 16913 + -16907. Determine i(c).
-28
Let x(y) = 40*y - 2306*y**2 + 1148*y**2 + 1157*y**2 - 13. Determine x(40).
-13
Let m(x) = 69*x - 546. Let o be ((-28)/(-21))/(12*(-8)/(-576)). Calculate m(o).
6
Suppose 7*z + 1176 = 63*z. Let i(l) = l**3 - 22*l**2 + 18*l + 58. Calculate i(z).
-5
Suppose 0*y - 15 = -s + 4*y, -y + 57 = 2*s. Let q = -25 + s. Let h(i) = 2*i + 4*i**q - 3*i + 0*i**2 - i**3 + 3. What is h(4)?
-1
Let l(y) = y. Let w(a) = -7*a + 1. Let r(d) = -l(d) - w(d). Let g = 323 + -302. Suppose -16 + g = 5*b. Determine r(b).
5
Suppose 9*f + 5*n + 64 = 0, 22 = -2*f - 17*n + 12*n. Let o(t) = -t**3 - 3*t**2 + 6*t - 50. Calculate o(f).
22
Let x(b) = -172*b - 4375 + 4368 - b. Give x(0).
-7
Suppose 9 = 17*m - 25. Let z(a) = -m - 1 - a - 16 + 4. Determine z(-15).
0
Let h(f) = -2*f + 9. Suppose 0 = -10*l + 8*l + 3*n + 600, -3*l = -5*n - 898. Let k = l - 306. What is h(k)?
9
Suppose -5*f + 3*x = 145, 16*x = 2*f + 15*x + 58. Let k(g) = g**2 + 22*g - 206. Determine k(f).
-3
Let x(k) = k**3 - 5*k**2 + 3*k + 3. Let r(f) = f**2 - 3*f - 6. Let v be r(3). Let b be v*((-23)/8 + 3)*-4. Give x(b).
-6
Suppose -24*o = -30*o + 186. Let i(r) = 65 + 2*r - 29 - o. Determine i(-6).
-7
Suppose -4*i = -5*t, 3*i = -0*t - 2*t. Suppose -16 = -t*s + 2*s. Let z(c) = c**2 + 9*c + 1. Give z(s).
-7
Let d(s) = 3*s**2 + 2*s - 2. Let t be 5/60*-3 - 659/4. Let a = -167 - t. Determine d(a).
6
Let t = 37 + -35. Suppose 0 = 4*v + 3*n - 34, -3*v + 3*n = t*n - 32. Let s(z) = 0 + 8*z - v*z**2 + z**3 - 5 - 7 + 2*z. What is s(9)?
-3
Let n(o) = 642 + 648 + 676 - 1980 - 15*o + o**2. Determine n(6).
-68
Let u = 22 - 16. Suppose -7*b - u - 22 = 0. Let c be 28/b*(2 + 54/(-21)). Let k(m) = -m**2 + m + 1. Determine k(c).
-11
Let y(m) = m**2 - 9*m + 8. Let f be (-10 - (-24)/3)/((-1)/8). Suppose -52 = -f*c + 44. Give y(c).
-10
Let a(v) be the second derivative of -v**2 + 36*v + 3 - 1/20*v**5 - 5/6*v**3 + 1/2*v**4. Give a(5).
-2
Let k(r) = -6*r**3 - 1. Let u be (150/(-36) - (-5)/30) + 372. Let s = u - 369. Give k(s).
5
Suppose -28 = -0*r - 4*r. Suppose 13 = 2*q - r. Let j(k) = k - 3. Calculate j(q).
7
Suppose 26*t - 44 = 4*t. Suppose -4*r + 22 = t. Let b(m) = m**2 - 6*m + 7. Give b(r).
2
Let y(j) be the third derivative of j**6/120 - j**5/10 + 3*j**3 + 325*j**2. What is y(5)?
-7
Let b be (16/(-32))/(6/8)*(-18)/3. Let h(f) = f**2 + 5*f - 29. Calculate h(b).
7
Let y(i) = -i**2 - 2. Let o(a) = -3*a**2 + 10*a - 13. Let d(w) = o(w) - 4*y(w). Suppose 6*r - 9*r + 3*k - 24 = 0, 4*r = 5*k - 30. Calculate d(r).
-5
Let f(q) = -q**2 - 3*q + 6. Let n be (28/(-70))/(1/10). Let b be f(n). Let z(o) = -4*o**2 + 1 + 0*o**2 + 5*o**2 + b*o. Determine z(-2).
1
Let z be -4*2/32 - 2045/(-20). Suppose -z = -18*m + 24. Let s(i) be the first derivative of i**4/4 - 7*i**3/3 + i**2/2 - 7*i - 1. Give s(m).
0
Suppose c + 6*z = 3*z - 10, -4*c = -5*z - 45. Suppose -2*m + 18 = 3*u, 2 = c*m - 13. Let s(j) = -u + 5*j - 3*j + 0*j. What is s(-3)?
-10
Let q be (18/10)/((-6)/(-20)). Let g(m) be the second derivative of m**4/24 - m**3 + 43*m**2/2 - 32*m. Let y(c) be the first derivative of g(c). What is y(q)?
0
Let o(b) = 170*b + 681. Let i be o(-4). Let u(n) = -29*n - 3. Give u(i).
-32
Let g(i) be the second derivative of -i**5/20 + 7*i**4/3 + i**3/6 - 16*i**2 + 792*i. Determine g(28).
-4
Let d(f) = 5*f - 24. Suppose 2*n - 42 = -2*t, 3*t + 816 = 3*n + 843. Give d(t).
51
Let w(q) = -18*q**2 - 18*q**2 - 4 - 19*q**2 - 17*q**2 + 86*q**2 - 4*q. Calculate w(-1).
14
Let o(w) = -55 - 49 - 7*w + 149 - 52. Let m(r) = -19*r - 22. Let j(f) = 3*m(f) - 8*o(f). Determine j(-15).
5
Let l(y) = 8*y + 149. Let t be l(-18). Suppose -4*r + d = -0*d - 33, 0 = t*r - 4*d - 33. Let q(m) = -m**3 + 9*m**2 - 4. What is q(r)?
-4
Let q(s) = s**2 - 6*s + 6. Let l(a) = a**3 + 25*a**2 - 21*a + 2. Let p be l(-26). Let o = 134 + p. Determine q(o).
6
Let p(r) = -3*r + 4*r - 40 + 12*r - 10*r + 8. Give p(7).
-11
Let j(l) = l**2 - 6*l - 4. Suppose 4*t + 3*g + 42 = 6*t, 94 = 5*t - 2*g. Let p = -60 - -84. Suppose t*f - 15*f = p. Calculate j(f).
12
Let q(b) = -b**2 + 9*b + 7. Let j be 22*-7*(-4)/56. What is q(j)?
-15
Let p(w) = -w**2 + 7*w + 4. Let d be (36/(-14))/((-18)/126*3). Calculate p(d).
10
Let b(f) be the first derivative of 1/24*f**4 - 1/12*f**5 + 6*f**2 - f**3 + 0*f + 1/120*f**6 + 3. Let w(s) be the second derivative of b(s). Calculate w(5).
-1
Let t(i) = -i**3 - 3*i - 9. Suppose -24*v = 18*v - 11*v + 4*v. Calculate t(v).
-9
Let n(f) = -6*f**3 - 91*f**2 - 4*f + 171. Let o be n(-15). Let s(g) = -24*g - 16. Determine s(o).
-160
Let z(x) be the first derivative of x**2/2 + 8*x + 889. Suppose -5*b - d - 23 = 0, 5*d + 11 + 4 = 0. Calculate